**2 - 5*a + 5. Let d be m(-4). Suppose 2*h + 3*x - 48 = 0, 0 = -d*h + 4*h + 2*x + 120. What is the remainder when 118 is divided by h?
22
Let g = -9014 - -9260. What is the remainder when g is divided by 64?
54
Let m(s) = 12 - s**2 + 2*s**2 + 6*s + s + 4*s. What is the remainder when 19 is divided by m(-11)?
7
Suppose 0*m + 4*p - 1444 = 4*m, p = 3*m + 1081. Let f be m/(-27)*3*9/12. Let y = f + 3. Calculate the remainder when y is divided by 17.
16
Let k(y) = -48*y - 25. Let r be k(-7). Let g = 512 - r. What is the remainder when g is divided by 29?
27
Suppose 3*w - 3*m - 129 = 0, 0 = -390*w + 389*w + 3*m + 31. Calculate the remainder when 9157 is divided by w.
43
Suppose 35*g - 66 = 13*g. Suppose -2*w + 3*l = -79, -4*w - g*l + 15 = -116. What is the remainder when 98 is divided by w?
28
Let g = -362 + 739. Suppose 7*k = 220 - 31. What is the remainder when g is divided by k?
26
Let d(q) = 18*q**2 + q. Let b be d(1). Let l = 21 - b. Suppose y + l*y = 42. What is the remainder when 25 is divided by y?
11
Let f be (895/15)/((-4)/(-12)). Let v = f + -151. What is the remainder when v is divided by 16?
12
Suppose -93 = 4*z - 3*m - 662, z = 5*m + 138. Calculate the remainder when z is divided by 44.
11
Suppose 3*o + 3*r = 15, 2*r = 4*o - 3*r + 7. Suppose 72 - 244 = -o*g + 5*j, -324 = -4*g + 5*j. What is the remainder when g is divided by 40?
36
Let k(h) = -9*h + 2. Let y be k(-2). Suppose -15*t - y = -16*t. Suppose 0 = -t*w + 17*w + 60. What is the remainder when 98 is divided by w?
18
Let i(n) = -n**3 + n**2 - 3*n + 9. Let p be i(4). Let q = 60 + p. Suppose q*x + 4*x - 338 = 0. What is the remainder when 49 is divided by x?
23
Let r = 446504 - 446487. Let b(h) = 5*h**2 - h + 4. Calculate the remainder when b(-4) is divided by r.
3
Let d be 1254/133 - 8/(-14). Let a(v) = 10*v - 56. Calculate the remainder when 525 is divided by a(d).
41
Suppose -1148 = -6*d + 2*d. Suppose -3*u = 2*u + 4*r - d, 0 = -4*u - 3*r + 229. Calculate the remainder when 714 is divided by u.
54
Let k(z) = -2*z + 8. Let y be k(3). Suppose y*t + 13 - 17 = 0. Let w(s) = 18*s**2 - 5. Calculate the remainder when w(t) is divided by 17.
16
Suppose -7*y + 25*y - 158 + 14 = 0. What is the remainder when 52 is divided by y?
4
Suppose 0 = -o + 3*o - 76. Suppose -8*v = -o*v + 1320. Calculate the remainder when 173 is divided by v.
41
Let h = 119 - 75. Let u(t) = 125*t**2 - t + 3. Calculate the remainder when u(-1) is divided by h.
41
Let c be (6 - 38/6)*-1293. Let k = c - 296. What is the remainder when k is divided by 20?
15
Let f(b) = 1102*b**2 - 1045*b + 1. Let o = -174 + 461. Calculate the remainder when o is divided by f(1).
55
Suppose -2*z + 4*z - 4*b = 400, 3 = b. Let j = 710 - z. Suppose -4*u = 3*u - j. What is the remainder when u is divided by 37?
35
Let a(f) be the first derivative of -3/2*f**2 + 19*f - 29. What is the remainder when 29 is divided by a(3)?
9
Let j = 42 - 43. Let k be (-28 + 1)*j/3. What is the remainder when 39/k*13 - 2/6 is divided by 15?
11
Suppose 0 = 2*m + 6, 0*f + 2*f - 143 = m. Let o = -62 + f. Calculate the remainder when 101 is divided by o.
5
Let b = 31 + -21. Let x(w) = -w**3 + 62*w**2 + 117. Calculate the remainder when x(62) is divided by b.
7
Let r(m) = 175*m - 2438. What is the remainder when r(17) is divided by 68?
61
What is the remainder when -1*4 + 17940/((-234)/(-18)) is divided by 21?
11
Suppose 4*m = m - c + 31, m - 5 = 5*c. Suppose m = -33*o + 35*o. What is the remainder when 35 is divided by (-38)/(-2) - (-4 + o)?
17
Let x(f) = 4*f + 20. Let k be x(-3). Suppose -k*b = -7*b - 12. Calculate the remainder when (3/2)/(3/40) is divided by b.
8
Let q(c) = 5*c**2 + 110*c + 1345. Calculate the remainder when q(-17) is divided by 231.
227
Let y = -329 + 331. Suppose c = 6*c - y*a - 182, -4*c = 4*a - 140. What is the remainder when 36 is divided by c?
0
Let y(a) = a**2 - 31*a - 1858. What is the remainder when 151 is divided by y(62)?
23
Let j(c) = 3*c**2 - 4*c - 5. Let v be j(-2). Suppose v*n = 6*n + 513. What is the remainder when 170 is divided by n?
56
Calculate the remainder when 604 is divided by (2758/28 - (-2)/(-4))/(54/108).
16
Suppose 12*c + 2270 = 22*c. Let v = 254 - c. Calculate the remainder when 134 is divided by v.
26
Let t = -190 + 205. Suppose 126 = -b + t*b. Calculate the remainder when 186 is divided by b.
6
Suppose -s + 40 = 3*s. Let x be (-2*1)/(13/52). Calculate the remainder when (-2)/(-6) - (-364)/78 - x is divided by s.
3
Suppose -1087 = -87*p + 5177. What is the remainder when 2087 is divided by p?
71
Let t = 3873 - 3711. Calculate the remainder when t is divided by 32.
2
Let t(n) = 2*n**3 + 3*n**2 - n + 2. Let m(d) = -d**3 + 9*d**2 - 22*d + 364. What is the remainder when t(4) is divided by m(10)?
42
Let h(j) = 528*j - 253. What is the remainder when h(1) is divided by 56?
51
Suppose 3*i + 4*o = 8011, -4*o = 26*i - 24*i - 5350. What is the remainder when i is divided by 167?
156
Suppose 0 = -602*r + 611*r - 135. Suppose 5*c - 133 - 232 = 0. Calculate the remainder when c is divided by r.
13
Let b = 179 - 164. Let w be 3/(-6) + 15/6. Suppose -3*z + 22 = -2*j, w*z + 3*z - j - 39 = 0. Calculate the remainder when b is divided by z.
7
Let x = -217355 - -217629. Let t = -130 + 200. What is the remainder when x is divided by t?
64
Let r(u) = 384*u**3 + 2*u**2 - 7*u - 8. Let b be r(-1). Let g = 395 + b. Calculate the remainder when 104 is divided by g.
8
Let m be 0 - -1 - (-225)/((-30)/(-6)). Suppose y + 7*s = 6*s + m, 5*y - 265 = 2*s. Calculate the remainder when 197 is divided by y.
44
Let v be -1 + 0 + 0 + 12. Suppose -7*m + v*m + t - 53 = 0, -3*m = -5*t - 57. What is the remainder when 246 is divided by m?
8
Let g be 3*13/(39/4). Suppose -4*t - g*x = -536, 3*x = 2*t + 2*x - 262. Calculate the remainder when t is divided by 7.
6
Calculate the remainder when (1260/(-80))/(54/(-2664)) is divided by 159.
141
Let p = 66 + -208. Let c = 168 + p. Let a = 96 - 46. Calculate the remainder when a is divided by c.
24
Suppose 11*v - v = -43*v + 7526. Calculate the remainder when v is divided by 13.
12
Let x(z) = 5*z**2 + 38*z + 60. Let k be x(-6). Let r be (-1 + 2)*(0 + 1). Let d = k + r. What is the remainder when 45 is divided by d?
6
Suppose -363*g + 367*g = 24. What is the remainder when 161 is divided by g/3*27/6?
8
Suppose y - 3*y = -40. What is the remainder when (-5 + 3)*(-3)/((-12)/(-274)) is divided by y?
17
Suppose -4*y - 3*t = -2409, -y = -19*t + 15*t - 607. Calculate the remainder when y is divided by 47.
39
Let p(c) = 5*c**3 - 17*c**2 - 5*c - 3. What is the remainder when p(6) is divided by 18?
3
Suppose -p - 3*d = p + 6, 0 = -d. Suppose 32*b = -2*t + 27*b - 90, -4*t + 5*b - 240 = 0. Calculate the remainder when (-3553)/t + (18/10)/p is divided by 17.
13
Let y(i) = 6*i + 72. Calculate the remainder when 1032 is divided by y(-5).
24
Let x(s) = -s**3 + 9*s**2 + 15*s - 3. Let i be x(10). Let o = 47 - i. Calculate the remainder when (28 - (o + 3)) + 3 is divided by 10.
8
Suppose -3*l + 2*f + 1910 = 0, l = -3*f + 771 - 160. Calculate the remainder when 1273 is divided by l.
9
Let f(i) = 9*i**2 + 3*i + 12. Let p be f(-8). Let b(u) = -14*u. Let w be b(1). Calculate the remainder when (w/(-5))/7 - p/(-15) is divided by 21.
17
Let l = 245 - 245. Suppose -b - s + 40 = 0, l*b + 3*s = b - 24. What is the remainder when b is divided by 10?
6
Let m(t) = 67*t + 4. Calculate the remainder when m(7) is divided by (-26 + (-8228)/(-272))/(17/16 + -1).
65
Let c = -9259 - -9387. Suppose -p + 501 = -3*q, -2 = -q + 1. What is the remainder when p is divided by c?
126
Suppose -105287 = -215*o + 321703. What is the remainder when o is divided by 7?
5
Suppose -3*s = 4*v - 27, -4*v - v - s + 20 = 0. Suppose w + 311 = 6*w + 2*j, 132 = 2*w - v*j. Calculate the remainder when 314 is divided by w.
62
Suppose 0 = -4*f + 2*g + 20, -f + 28*g - 31*g = 9. Calculate the remainder when 260 is divided by f.
2
Let q = 34 - -61. Let v(b) = -147*b - 980. Calculate the remainder when q is divided by v(-7).
46
Suppose -5*n + 2*n - 18 = 0. Suppose 0 = -19420*f + 19416*f + 5*y + 212, -5*y + 46 = 2*f. Calculate the remainder when f is divided by (44/n)/(4/(-6)).
10
What is the remainder when 419 + (196/(-14) - -1) is divided by 135?
1
Let k(w) = 95*w**2 + 2*w + 3